{"id":48,"date":"2023-07-09T16:14:21","date_gmt":"2023-07-09T14:14:21","guid":{"rendered":"http:\/\/optimatrans.com\/?page_id=48"},"modified":"2023-07-09T22:11:44","modified_gmt":"2023-07-09T20:11:44","slug":"notre-offre","status":"publish","type":"page","link":"http:\/\/optimatrans.com\/index.php\/notre-offre\/","title":{"rendered":"Notre offre"},"content":{"rendered":"\n<figure class=\"wp-block-image alignwide size-large\"><img decoding=\"async\" src=\"http:\/\/optimatrans.com\/wp-content\/uploads\/2023\/07\/IMG_6518-rotated-e1688912300577-1024x792.jpg\" alt=\"\" class=\"wp-image-36\"\/><\/figure>\n\n\n\n<p>Nous pourrons vous accompagner sur les th\u00e9matiques suivants :<\/p>\n\n\n\n<ul class=\"wp-block-list\">\n<li><strong>La gestion de votre r\u00e9seau du transport scolaire<\/strong>.  La suite EDULOG est con\u00e7ue pour ma\u00eetriser tous les aspects de votre service de mobilit\u00e9s, du suivi d&rsquo;\u00e9l\u00e8ves \u00e0 la gestion du plan de transport, de l&rsquo;\u00e9dition de rapports et statistiques \u00e0 l&rsquo;optimisation du r\u00e9seau avec nos algorithmes propri\u00e9taires et parfaitement int\u00e9gr\u00e9es.  Notre diff\u00e9rence est une cartographie au c\u0153ur de l&rsquo;outil et les fonctionnalit\u00e9s puissantes d&rsquo;optimisation.  A nos d\u00e9buts sur le march\u00e9 nord-am\u00e9ricain en 1977 nous avons invent\u00e9 le m\u00e9tier de la gestion cartographique du transport scolaire.  Aujourd&rsquo;hui nous exploitons l&rsquo;intelligence artificielle dans notre suite logicielle pour vous permettre d&rsquo;aller plus loin dans la ma\u00eetrise de votre r\u00e9seau.  Pr\u00eats \u00e0 ma\u00eetriser vos mobilit\u00e9s?  <a href=\"http:\/\/optimatrans.com\/index.php\/contact\/\" data-type=\"page\" data-id=\"23\">Contactez-nous<\/a> !<\/li>\n\n\n\n<li><strong>Les \u00e9tudes d&rsquo;optimisation<\/strong>.  Lors de la refonte d&rsquo;un r\u00e9seau, l&rsquo;ouverture d&rsquo;un nouvel \u00e9tablissement scolaire ou une surcharge \u00e0 la Rentr\u00e9e, nos \u00e9quipes vous proposent une assistance cl\u00e9 en main de la reprise de donn\u00e9es jusqu&rsquo;\u00e0 la pr\u00e9sentation devant vos \u00e9lus d\u00e9cideurs et l\u2019\u00e9ventuel ajustement de la solution optimis\u00e9e.  Nos algorithmes ont fait leurs preuves et sont constamment am\u00e9lior\u00e9s depuis 1977 pour rester \u00e0 la pointe de la technologie.  <\/li>\n\n\n\n<li><strong>La gestion des donn\u00e9es contractuelles<\/strong>.  Avec notre partenaire <a href=\"https:\/\/rci-mobilite.fr\/\" data-type=\"URL\" data-id=\"https:\/\/rci-mobilite.fr\/\">RCI-Mobilit\u00e9<\/a>, nous proposons une assistance \u00e0 ma\u00eetrise d&rsquo;ouvrage sur le th\u00e9matique de la reprise de donn\u00e9es pour produire les pi\u00e8ces contractuelles pour vos march\u00e9s.<\/li>\n<\/ul>\n","protected":false},"excerpt":{"rendered":"<p>Nous pourrons vous accompagner sur les th\u00e9matiques suivants :<\/p>\n","protected":false},"author":1,"featured_media":0,"parent":0,"menu_order":0,"comment_status":"closed","ping_status":"closed","template":"","meta":{"footnotes":""},"class_list":["post-48","page","type-page","status-publish","hentry"],"_links":{"self":[{"href":"http:\/\/optimatrans.com\/index.php\/wp-json\/wp\/v2\/pages\/48","targetHints":{"allow":["GET"]}}],"collection":[{"href":"http:\/\/optimatrans.com\/index.php\/wp-json\/wp\/v2\/pages"}],"about":[{"href":"http:\/\/optimatrans.com\/index.php\/wp-json\/wp\/v2\/types\/page"}],"author":[{"embeddable":true,"href":"http:\/\/optimatrans.com\/index.php\/wp-json\/wp\/v2\/users\/1"}],"replies":[{"embeddable":true,"href":"http:\/\/optimatrans.com\/index.php\/wp-json\/wp\/v2\/comments?post=48"}],"version-history":[{"count":5,"href":"http:\/\/optimatrans.com\/index.php\/wp-json\/wp\/v2\/pages\/48\/revisions"}],"predecessor-version":[{"id":64,"href":"http:\/\/optimatrans.com\/index.php\/wp-json\/wp\/v2\/pages\/48\/revisions\/64"}],"wp:attachment":[{"href":"http:\/\/optimatrans.com\/index.php\/wp-json\/wp\/v2\/media?parent=48"}],"curies":[{"name":"wp","href":"https:\/\/api.w.org\/{rel}","templated":true}]}}